3 - (3 - 2))) + 61.
64
(12 - (9 - (-2 - -5))) + -1 + -40
-35
What is (-14 - (18 - 62)) + 11?
41
What is (1 - 16) + 3 - -3 - (32 + 12 + -87)?
34
What is the value of 13 - ((-3 - (-5 + 10)) + -31 + 46 - 43)?
49
Evaluate -11 + -8 - (15 - -20 - 13).
-41
What is the value of -3 + -4 + 2 + 218 + -231 - -18?
0
What is -16 + -4 + -25 + 55 - (57 - 2)?
-45
What is -1 - -8 - -5 - (28 + -28)?
12
What is -29 + (11 + 12 + -17 + 10 - 4)?
-17
What is (10 + -56 - 2) + (4 - 1)?
-45
Calculate 21 - (-44 - 53) - (0 - (-3 + 17)).
132
Calculate -18 + 4 - (407 - 431).
10
Calculate -23 - (73 - 53 - 72).
29
Calculate 36 + (-6 - 18) + -25 - -14.
1
Evaluate (7 - (11 - 9)) + -8 - (3 + (36 - 1)).
-41
Evaluate 6 + (51 - (17 - -10)) + -22.
8
Evaluate 35 + (38 - (6 + -2 - -5)).
64
What is the value of -40 + -75 + (26 + -12 - -23)?
-78
What is -60 + (3 - 6 - (1 + -9) - -4 - 20)?
-71
Calculate (8 + (4 - 5) - -3) + (-28 + -48 - 6).
-72
Evaluate ((8 - 1) + 1 - (215 + -204)) + 63 + 27.
87
Evaluate -9 - (2 + -2) - -14 - (4 - 23).
24
What is the value of -29 + 0 + 58 + (-144 - -95)?
-20
What is 32 - (-39 + 36 + 24)?
11
What is the value of 42 + (15 - (-26 - -82))?
1
1 + -8 - (35 + (20 - 44))
-18
What is -3 + (36 - 43 - (3 - 14) - 3 - 33)?
-35
Calculate 13 + 6 + -12 + -3 + (-2 - -4).
6
What is the value of (-53 - (-57 + -40)) + -111?
-67
32 + (17 + -6 - (-42 - -12))
73
What is the value of 15 + 9 + -16 + (5 - (4 + 0)) + -69?
-60
-80 + (26 - (21 - 18 - -2))
-59
Calculate -1 - (9 + -2) - (10 + -5).
-13
What is the value of 26 - ((68 - 9) + -77 + (7 - -1))?
36
Calculate 0 + -18 - ((-10 - 7) + -3).
2
Calculate 31 - (-4 + (-17 - (-3 - 1))).
48
Evaluate -1 - -14 - (-4 - -19) - (-16 - 0).
14
What is the value of (-32 - (-2 + 14 - -1)) + 19?
-26
What is the value of 118 + (-66 - (-185 - -127))?
110
What is 22 + -25 - ((1 - (-2 + (-6 - -2))) + -74)?
64
Evaluate 17 + -12 + -5 - (16 + (60 - 1)).
-75
1 + -2 + 41 + 14 + -65 - -83
72
1828 + -1837 + -2 + 0 + -6
-17
What is the value of (-36 - (13 + -3)) + -2 + (1 - (1 + 2))?
-50
Calculate (90 - (5 - -2)) + -4 + -29 + 19 + 12.
81
What is the value of 52 + -32 + (0 - (3 - (19 - 1)))?
35
1 + 75 - ((13 - (5 - -13)) + 1 + 13)
67
Evaluate 28 + (-57 - 30) - (-1 + -2) - 2.
-58
Evaluate (20 - -23) + -69 + 121 - (-1 + 20).
76
What is the value of -58 + (10 - ((14 - -4) + -23))?
-43
What is the value of 1 - (-42 - -20 - (11 - 36))?
-2
What is the value of -50 + (-33 - -14 - (4 + -12)) + -1 + 6?
-56
Evaluate -14 - (-2 - 13) - (-11 + 11 + -8 - 0).
9
1 - 10 - (-4 - -77 - 48)
-34
What is (108 - 98 - -143) + -90?
63
Evaluate -3 + 0 - (4289 + -4169 + (0 - 0) + -16).
-107
Calculate -524 + 475 - (-89 + -1).
41
(-11 - (-33 - -25)) + (6 - -4 - -5)
12
Evaluate -103 + (3 - 2 - 0) - ((-155 - -123) + 34).
-104
What is the value of -5 + -106 + 193 - 104?
-22
12 + -8 + (-1 - -12) - (347 - 297)
-35
What is the value of (-6 - 2) + 4 + -24 + 30 + 15?
17
What is -26 - (2 - 4 - -19)?
-43
What is the value of 3 + -7 + 72 - (-16 + (11 - -12))?
61
Evaluate -80 + (-69 + 216 - 106).
-39
Calculate -8 - (2956 - 2960 - (-2 + 1 + 128)).
123
What is the value of -3 + (4 - -1) - 0 - (-737 - -747)?
-8
Calculate -3874 + 3944 - (53 + -1).
18
Calculate -143 - (-112 + -260 + 135).
94
Evaluate 42 + -10 + 1 + (-55 - -29 - (-42 + 22)).
27
22 - ((-807 - -902) + (-19 - 1))
-53
7 + (-139 - (24 - 70))
-86
-2 + -7 + 29 + -31 + 18 + 6
13
Calculate (-8 - (6 - 1)) + 38 - 21.
4
What is (-814 - -815) + -5 + 37?
33
What is the value of 35 + -73 + -90 - -64?
-64
Calculate 6 + 70 - (-18 + (27 - 13)).
80
What is -4 + -34 - (-28 + 27 + -13)?
-24
What is -12 - 1 - (4 - 27) - -8?
18
Evaluate 12 + -11 + -7 - (12 + -3).
-15
Evaluate 253 + -52 + -198 - (-1 - (1 + -15)).
-10
Evaluate 59 + -78 + -37 + 57.
1
What is the value of (-1 - 8) + -17 + (15 - 6 - 4) + 76?
55
What is the value of (-2 + -2 + 3 - -14) + -8 + -2 + 28?
31
Calculate (-651 - -1116) + -463 - (-1 - (0 + -27)).
-24
What is (-36 - ((0 - 51) + 25)) + 3 + -65?
-72
Evaluate 8 + (-6 + 10 - ((-2 - -2) + 14)).
-2
Evaluate 59 + -10 + -1 + (32 + -15 - 0).
65
What is 107 + -59 + (14 - -57)?
119
Evaluate 95 + 105 + (-50 - 88).
62
Evaluate 7 + (-15 - 0) - (9 + (-27 - (-6 - 1))).
3
What is the value of -12 + 1 - (-67 + 90 + -46)?
12
What is 542 + -559 - (-1 + -26)?
10
What is the value of (2 - (0 + -2)) + (17 - (-78 + 61))?
38
What is the value of (-29 + (-5 - 0) - 0) + (-9 - -13)?
-30
Evaluate -678 + 677 + (0 + -6 - -5) + 56.
54
What is -1 + (8 + 10 - ((-12 - -9) + 8))?
12
What is the value of -96 + (26 - -23) + 32?
-15
What is the value of 94 + (48 + -71 - (14 + 2))?
55
(-4083 - -4127) + -47 + 1
-2
-5 + 107 + -58 - -18
62
Evaluate 40 - (30 + -41 + 13) - -44.
82
What is the value of -19 + (-1 + 84 + -5 - (-93 + 77))?
75
Evaluate -23 + (-1 - -2 - 1 - ((48 - 44) + -9)).
-18
(10 - (9 - (-8 + 5))) + 3 + -14
-13
Calculate -39 + (-1 - (-6 + 0)) + 74.
40
Evaluate (2 + -3 - 86) + (-43 + 42 - 37 - -48).
-77
What is the value of (23 + 5 - 13) + (5 - (-7 + 16))?
11
What is the value of 18 - (2 - -2) - (-39 + 79) - 13?
-39
Evaluate -12 + -7 + (2 - 0) + -1 + 8 + 8.
-2
Calculate 31 + 22 + 2 + -75 + 31.
11
What is (-85 - -15) + -15 + 63?
-22
(-120 + 30 - 49) + 108
-31
What is the value of -4 + (15 - 3) + 10 + (-3 - (1 - -2))?
12
(34 - 52 - (-1 - 8)) + (36 - -60)
87
What is -4 + 9 + -25 + -1 - 28?
-49
Calculate 33 - (-17 - -20) - -3.
33
Calculate 21 + (0 + 35 - (513 + -319)).
-138
Calculate (1 - (16 - (4 - 2) - -2)) + (115 - -22).
122
What is the value of (1 - 3) + 1159 + -1171?
-14
What is 40 + 15 + -24 + -16 - (-36 - 0)?
51
Calculate 18 - (7 - 5) - (-23 + 16).
23
Evaluate 829 + -876 + (-2 - (-1 - -3 - (1 - -1))).
-49
Calculate 34 + (-98 - (67 - 80)).
-51
(-4 - 55) + -2 - (-9 - (7 + -29 + 4))
-70
What is -1 + -85 + 1526 + -1487?
-47
What is the value of 18 + 6 + -30 - (-95 + 11)?
78
Evaluate -33 - (31 - (-51 + 58)).
-57
8 + 0 + (-82 + 37 - -34)
-3
What is the value of 125 + 43 - 104 - (-2 + 27)?
39
Evaluate (-21 - 12 - -38) + -7 - 60.
-62
Evaluate (22 - 29 - ((-61 - 8) + -10)) + (-10 - -6).
68
Calculate (6 - ((-9 - (11 - 11)) + 19)) + 13 - 82.
-73
What is the value of 1 + (0 - -4 - 5 - -7) + -11?
-4
Evaluate 110 + 114 + -82 - 274.
-132
Calculate -8 + 30 + -10 - 19.
-7
Evaluate 7 + 3 + 66 + (-4 - 21).
51
What is -142 + (51 - -55) + -42?
-78
-106 + 4 - -13 - -125
36
What is the value of -29 + 105 - 57 - 12?
7
What is (-46 - (71 - 45)) + (-9 + 12 - (-3 - 6))?
-60
Calculate -2 + -30 + (-6 - -5) - 49.
-82
Evaluate -56 + (-18 + -37 - -75).
-36
What is the value of -13 - (-16 + (-88 + 82 - (-15 + 1)))?
-5
What is the value of 90 + -73 - (-2 - -40)?
-21
What is -18 + (9 - (14 - (-15 + 31))) + 73?
66
What is -18 + (105 - 73) + -8 + -4 - (-26 - -2)?
26
Evaluate (41 - -13) + (-74 - -115).
95
What is the value of (17 - (-9 - (-6 - 19))) + (-2 - -9) - 26?
-18
(-3 - (23 - 1 - (79 - 66))) + 101
89
What is the value of (-1 - (-1 + 3)) + (-62 - -47) + 106 + -6?
82
Evaluate (3 - -10) + 82 + (24 - (3 - -39)).
77
Evaluate (11 - -1) + -22 - 5 - -11.
-4
(40 - 33) + -10 + -21 + 29
5
What is 225 + (-127 - -24) + -34?
88
What is 14 + 27 + -34 + 23 + -45?
-15
Evaluate (25 - 1) + (44 - -16 - 58) + 15.
41
Calculate 14 + (2 - (17 + 5 - 20)).
14
Evaluate 33 + (18 - (-20 - -39)) + 26.
58
Calculate 72 + -44 + (1 - (10 - -8)) + 7.
18
Calculate (35 - (-19 - -46)) + -53 + -1.
-46
Evaluate 65 + -36 + -6 + -16.
7
What is (-14 - (-74 - -8)) + (-27 - -18)?
43
(-39 - -52 - (1 - 4 - -7)) + -80
-71
Calculate 80 + -36 + 0 + -121.
-77
1 + -12 + 11 + 18 + (4 - 13)
9
Evaluate (-1 - -16) + (-17 - (2 - 6 - (8 - -1))).
11
Calculate 11 - ((6 + 15 + -10 - 3) + 1 + -123).
125
Calculate -103 + (-9 - (-41 + 1 + 11)).
-83
-63 - (10 + (-7 - (-12 + 2 + (-30 - -42))))
-64
What is the value of (23 - 1) + -77 + 34?
-21
Calculate (-122 - (72 + -175)) + 35 + 1.
17
-50 - (9 + -2 - (73 + -88))
-72
What is the value of 28 - (37 - 15) - -18 - 2?
22
Calculate -2 - 21 - -29 - (3 + 0 + -28).
31
(-2 - -7) + (-71 - (23 + -61 - 7))
-21
What is -51 - 20 - -22 - -97?
48
What is -98 - (-18 - (-13 + (-37 - -38)))?
-92
What is the value of 26 + (-10 - (17 + -26 - -22))?
3
Evaluate -14 - (27 - (35 - (-7 - 2))).
3
Evaluate 1 + (-31 - -2) - (85 + -61 + -6).
-46
Calculate (-40 - -3 - -22) + 100 + 39.
124
What is the value of 2 - (10 - (4 + -1 - (37 - (45 +